{"id":8265,"date":"2025-08-19T07:29:58","date_gmt":"2025-08-19T07:29:58","guid":{"rendered":"https:\/\/www.fvdwpartijhandel.nl\/product\/gusta-laterne-rattan-o16x16cm-grau-04282140\/"},"modified":"2025-12-16T10:46:30","modified_gmt":"2025-12-16T09:46:30","slug":"gusta-laterne-rattan-o16x16cm-grau-04282140","status":"publish","type":"product","link":"https:\/\/www.fvdwpartijhandel.nl\/de\/product\/gusta-laterne-rattan-o16x16cm-grau-04282140\/","title":{"rendered":"Gusta Laterne Rattan \u00f816x16cm Grau 04282140"},"content":{"rendered":"<p>Die GUSTA Laterne ist f\u00fcr den Au\u00dfenbereich gedacht. Sie ist eine blaue Laterne mit einem Glashalter und einem Lederanh\u00e4nger. Der bemalte Rattanstil ist sowohl f\u00fcr drau\u00dfen als auch f\u00fcr drinnen geeignet. Kombinieren Sie sie mit unseren anderen Au\u00dfenlaternen und Kerzen f\u00fcr einen stimmungsvollen Garten.   <\/p>\n","protected":false},"excerpt":{"rendered":"<p>Die GUSTA Laterne ist f\u00fcr den Au\u00dfenbereich gedacht. Sie ist eine blaue Laterne mit einem Glashalter und einem Lederanh\u00e4nger. Der bemalte Rattanstil ist sowohl f\u00fcr drau\u00dfen als auch f\u00fcr drinnen geeignet. Kombinieren Sie sie mit unseren anderen Au\u00dfenlaternen und Kerzen f\u00fcr einen stimmungsvollen Garten.<\/p>\n","protected":false},"featured_media":8267,"template":"","meta":{"_acf_changed":false},"product_brand":[],"product_cat":[59],"product_tag":[],"class_list":{"0":"post-8265","1":"product","2":"type-product","3":"status-publish","4":"has-post-thumbnail","6":"product_cat-dekoration","8":"first","9":"instock","10":"shipping-taxable","11":"product-type-simple"},"acf":[],"yoast_head":"<!-- This site is optimized with the Yoast SEO plugin v27.5 - https:\/\/yoast.com\/product\/yoast-seo-wordpress\/ -->\n<title>Gusta Laterne Rattan \u00f816x16cm Grau 04282140 - Frank van de Wijgert partijhandel<\/title>\n<meta name=\"robots\" content=\"index, follow, max-snippet:-1, max-image-preview:large, max-video-preview:-1\" \/>\n<link rel=\"canonical\" href=\"https:\/\/www.fvdwpartijhandel.nl\/de\/product\/gusta-laterne-rattan-o16x16cm-grau-04282140\/\" \/>\n<meta property=\"og:locale\" content=\"de_DE\" \/>\n<meta property=\"og:type\" content=\"article\" \/>\n<meta property=\"og:title\" content=\"Gusta Laterne Rattan \u00f816x16cm Grau 04282140 - Frank van de Wijgert partijhandel\" \/>\n<meta property=\"og:description\" content=\"Die GUSTA Laterne ist f\u00fcr den Au\u00dfenbereich gedacht. Sie ist eine blaue Laterne mit einem Glashalter und einem Lederanh\u00e4nger. Der bemalte Rattanstil ist sowohl f\u00fcr drau\u00dfen als auch f\u00fcr drinnen geeignet. Kombinieren Sie sie mit unseren anderen Au\u00dfenlaternen und Kerzen f\u00fcr einen stimmungsvollen Garten.\" \/>\n<meta property=\"og:url\" content=\"https:\/\/www.fvdwpartijhandel.nl\/de\/product\/gusta-laterne-rattan-o16x16cm-grau-04282140\/\" \/>\n<meta property=\"og:site_name\" content=\"Frank van de Wijgert partijhandel\" \/>\n<meta property=\"article:modified_time\" content=\"2025-12-16T09:46:30+00:00\" \/>\n<meta property=\"og:image\" content=\"https:\/\/www.fvdwpartijhandel.nl\/wp-content\/uploads\/2025\/08\/04282140.jpg\" \/>\n\t<meta property=\"og:image:width\" content=\"500\" \/>\n\t<meta property=\"og:image:height\" content=\"500\" \/>\n\t<meta property=\"og:image:type\" content=\"image\/jpeg\" \/>\n<meta name=\"twitter:card\" content=\"summary_large_image\" \/>\n<script type=\"application\/ld+json\" class=\"yoast-schema-graph\">{\"@context\":\"https:\\\/\\\/schema.org\",\"@graph\":[{\"@type\":\"WebPage\",\"@id\":\"https:\\\/\\\/www.fvdwpartijhandel.nl\\\/de\\\/product\\\/gusta-laterne-rattan-o16x16cm-grau-04282140\\\/\",\"url\":\"https:\\\/\\\/www.fvdwpartijhandel.nl\\\/de\\\/product\\\/gusta-laterne-rattan-o16x16cm-grau-04282140\\\/\",\"name\":\"Gusta Laterne Rattan \u00f816x16cm Grau 04282140 - Frank van de Wijgert partijhandel\",\"isPartOf\":{\"@id\":\"https:\\\/\\\/www.fvdwpartijhandel.nl\\\/de\\\/#website\"},\"primaryImageOfPage\":{\"@id\":\"https:\\\/\\\/www.fvdwpartijhandel.nl\\\/de\\\/product\\\/gusta-laterne-rattan-o16x16cm-grau-04282140\\\/#primaryimage\"},\"image\":{\"@id\":\"https:\\\/\\\/www.fvdwpartijhandel.nl\\\/de\\\/product\\\/gusta-laterne-rattan-o16x16cm-grau-04282140\\\/#primaryimage\"},\"thumbnailUrl\":\"https:\\\/\\\/www.fvdwpartijhandel.nl\\\/wp-content\\\/uploads\\\/2025\\\/08\\\/04282140.jpg\",\"datePublished\":\"2025-08-19T07:29:58+00:00\",\"dateModified\":\"2025-12-16T09:46:30+00:00\",\"breadcrumb\":{\"@id\":\"https:\\\/\\\/www.fvdwpartijhandel.nl\\\/de\\\/product\\\/gusta-laterne-rattan-o16x16cm-grau-04282140\\\/#breadcrumb\"},\"inLanguage\":\"de\",\"potentialAction\":[{\"@type\":\"ReadAction\",\"target\":[\"https:\\\/\\\/www.fvdwpartijhandel.nl\\\/de\\\/product\\\/gusta-laterne-rattan-o16x16cm-grau-04282140\\\/\"]}]},{\"@type\":\"ImageObject\",\"inLanguage\":\"de\",\"@id\":\"https:\\\/\\\/www.fvdwpartijhandel.nl\\\/de\\\/product\\\/gusta-laterne-rattan-o16x16cm-grau-04282140\\\/#primaryimage\",\"url\":\"https:\\\/\\\/www.fvdwpartijhandel.nl\\\/wp-content\\\/uploads\\\/2025\\\/08\\\/04282140.jpg\",\"contentUrl\":\"https:\\\/\\\/www.fvdwpartijhandel.nl\\\/wp-content\\\/uploads\\\/2025\\\/08\\\/04282140.jpg\",\"width\":500,\"height\":500},{\"@type\":\"BreadcrumbList\",\"@id\":\"https:\\\/\\\/www.fvdwpartijhandel.nl\\\/de\\\/product\\\/gusta-laterne-rattan-o16x16cm-grau-04282140\\\/#breadcrumb\",\"itemListElement\":[{\"@type\":\"ListItem\",\"position\":1,\"name\":\"Startseite\",\"item\":\"https:\\\/\\\/www.fvdwpartijhandel.nl\\\/de\\\/startseite\\\/\"},{\"@type\":\"ListItem\",\"position\":2,\"name\":\"Shop\",\"item\":\"https:\\\/\\\/www.fvdwpartijhandel.nl\\\/de\\\/shop\\\/\"},{\"@type\":\"ListItem\",\"position\":3,\"name\":\"Gusta Laterne Rattan \u00f816x16cm Grau 04282140\"}]},{\"@type\":\"WebSite\",\"@id\":\"https:\\\/\\\/www.fvdwpartijhandel.nl\\\/de\\\/#website\",\"url\":\"https:\\\/\\\/www.fvdwpartijhandel.nl\\\/de\\\/\",\"name\":\"Frank van de Wijgert partijhandel\",\"description\":\"Al 10 jaar actief in de verkoop van restpartijen\",\"publisher\":{\"@id\":\"https:\\\/\\\/www.fvdwpartijhandel.nl\\\/de\\\/#organization\"},\"potentialAction\":[{\"@type\":\"SearchAction\",\"target\":{\"@type\":\"EntryPoint\",\"urlTemplate\":\"https:\\\/\\\/www.fvdwpartijhandel.nl\\\/de\\\/?s={search_term_string}\"},\"query-input\":{\"@type\":\"PropertyValueSpecification\",\"valueRequired\":true,\"valueName\":\"search_term_string\"}}],\"inLanguage\":\"de\"},{\"@type\":\"Organization\",\"@id\":\"https:\\\/\\\/www.fvdwpartijhandel.nl\\\/de\\\/#organization\",\"name\":\"Frank van de Wijgert partijhandel\",\"url\":\"https:\\\/\\\/www.fvdwpartijhandel.nl\\\/de\\\/\",\"logo\":{\"@type\":\"ImageObject\",\"inLanguage\":\"de\",\"@id\":\"https:\\\/\\\/www.fvdwpartijhandel.nl\\\/de\\\/#\\\/schema\\\/logo\\\/image\\\/\",\"url\":\"https:\\\/\\\/www.fvdwpartijhandel.nl\\\/wp-content\\\/uploads\\\/2025\\\/08\\\/Logo-Frank-van-de-Wijgert-nieuw-1.svg\",\"contentUrl\":\"https:\\\/\\\/www.fvdwpartijhandel.nl\\\/wp-content\\\/uploads\\\/2025\\\/08\\\/Logo-Frank-van-de-Wijgert-nieuw-1.svg\",\"width\":400,\"height\":57,\"caption\":\"Frank van de Wijgert partijhandel\"},\"image\":{\"@id\":\"https:\\\/\\\/www.fvdwpartijhandel.nl\\\/de\\\/#\\\/schema\\\/logo\\\/image\\\/\"}}]}<\/script>\n<!-- \/ Yoast SEO plugin. -->","yoast_head_json":{"title":"Gusta Laterne Rattan \u00f816x16cm Grau 04282140 - Frank van de Wijgert partijhandel","robots":{"index":"index","follow":"follow","max-snippet":"max-snippet:-1","max-image-preview":"max-image-preview:large","max-video-preview":"max-video-preview:-1"},"canonical":"https:\/\/www.fvdwpartijhandel.nl\/de\/product\/gusta-laterne-rattan-o16x16cm-grau-04282140\/","og_locale":"de_DE","og_type":"article","og_title":"Gusta Laterne Rattan \u00f816x16cm Grau 04282140 - Frank van de Wijgert partijhandel","og_description":"Die GUSTA Laterne ist f\u00fcr den Au\u00dfenbereich gedacht. Sie ist eine blaue Laterne mit einem Glashalter und einem Lederanh\u00e4nger. Der bemalte Rattanstil ist sowohl f\u00fcr drau\u00dfen als auch f\u00fcr drinnen geeignet. Kombinieren Sie sie mit unseren anderen Au\u00dfenlaternen und Kerzen f\u00fcr einen stimmungsvollen Garten.","og_url":"https:\/\/www.fvdwpartijhandel.nl\/de\/product\/gusta-laterne-rattan-o16x16cm-grau-04282140\/","og_site_name":"Frank van de Wijgert partijhandel","article_modified_time":"2025-12-16T09:46:30+00:00","og_image":[{"width":500,"height":500,"url":"https:\/\/www.fvdwpartijhandel.nl\/wp-content\/uploads\/2025\/08\/04282140.jpg","type":"image\/jpeg"}],"twitter_card":"summary_large_image","schema":{"@context":"https:\/\/schema.org","@graph":[{"@type":"WebPage","@id":"https:\/\/www.fvdwpartijhandel.nl\/de\/product\/gusta-laterne-rattan-o16x16cm-grau-04282140\/","url":"https:\/\/www.fvdwpartijhandel.nl\/de\/product\/gusta-laterne-rattan-o16x16cm-grau-04282140\/","name":"Gusta Laterne Rattan \u00f816x16cm Grau 04282140 - Frank van de Wijgert partijhandel","isPartOf":{"@id":"https:\/\/www.fvdwpartijhandel.nl\/de\/#website"},"primaryImageOfPage":{"@id":"https:\/\/www.fvdwpartijhandel.nl\/de\/product\/gusta-laterne-rattan-o16x16cm-grau-04282140\/#primaryimage"},"image":{"@id":"https:\/\/www.fvdwpartijhandel.nl\/de\/product\/gusta-laterne-rattan-o16x16cm-grau-04282140\/#primaryimage"},"thumbnailUrl":"https:\/\/www.fvdwpartijhandel.nl\/wp-content\/uploads\/2025\/08\/04282140.jpg","datePublished":"2025-08-19T07:29:58+00:00","dateModified":"2025-12-16T09:46:30+00:00","breadcrumb":{"@id":"https:\/\/www.fvdwpartijhandel.nl\/de\/product\/gusta-laterne-rattan-o16x16cm-grau-04282140\/#breadcrumb"},"inLanguage":"de","potentialAction":[{"@type":"ReadAction","target":["https:\/\/www.fvdwpartijhandel.nl\/de\/product\/gusta-laterne-rattan-o16x16cm-grau-04282140\/"]}]},{"@type":"ImageObject","inLanguage":"de","@id":"https:\/\/www.fvdwpartijhandel.nl\/de\/product\/gusta-laterne-rattan-o16x16cm-grau-04282140\/#primaryimage","url":"https:\/\/www.fvdwpartijhandel.nl\/wp-content\/uploads\/2025\/08\/04282140.jpg","contentUrl":"https:\/\/www.fvdwpartijhandel.nl\/wp-content\/uploads\/2025\/08\/04282140.jpg","width":500,"height":500},{"@type":"BreadcrumbList","@id":"https:\/\/www.fvdwpartijhandel.nl\/de\/product\/gusta-laterne-rattan-o16x16cm-grau-04282140\/#breadcrumb","itemListElement":[{"@type":"ListItem","position":1,"name":"Startseite","item":"https:\/\/www.fvdwpartijhandel.nl\/de\/startseite\/"},{"@type":"ListItem","position":2,"name":"Shop","item":"https:\/\/www.fvdwpartijhandel.nl\/de\/shop\/"},{"@type":"ListItem","position":3,"name":"Gusta Laterne Rattan \u00f816x16cm Grau 04282140"}]},{"@type":"WebSite","@id":"https:\/\/www.fvdwpartijhandel.nl\/de\/#website","url":"https:\/\/www.fvdwpartijhandel.nl\/de\/","name":"Frank van de Wijgert partijhandel","description":"Al 10 jaar actief in de verkoop van restpartijen","publisher":{"@id":"https:\/\/www.fvdwpartijhandel.nl\/de\/#organization"},"potentialAction":[{"@type":"SearchAction","target":{"@type":"EntryPoint","urlTemplate":"https:\/\/www.fvdwpartijhandel.nl\/de\/?s={search_term_string}"},"query-input":{"@type":"PropertyValueSpecification","valueRequired":true,"valueName":"search_term_string"}}],"inLanguage":"de"},{"@type":"Organization","@id":"https:\/\/www.fvdwpartijhandel.nl\/de\/#organization","name":"Frank van de Wijgert partijhandel","url":"https:\/\/www.fvdwpartijhandel.nl\/de\/","logo":{"@type":"ImageObject","inLanguage":"de","@id":"https:\/\/www.fvdwpartijhandel.nl\/de\/#\/schema\/logo\/image\/","url":"https:\/\/www.fvdwpartijhandel.nl\/wp-content\/uploads\/2025\/08\/Logo-Frank-van-de-Wijgert-nieuw-1.svg","contentUrl":"https:\/\/www.fvdwpartijhandel.nl\/wp-content\/uploads\/2025\/08\/Logo-Frank-van-de-Wijgert-nieuw-1.svg","width":400,"height":57,"caption":"Frank van de Wijgert partijhandel"},"image":{"@id":"https:\/\/www.fvdwpartijhandel.nl\/de\/#\/schema\/logo\/image\/"}}]}},"_links":{"self":[{"href":"https:\/\/www.fvdwpartijhandel.nl\/de\/wp-json\/wp\/v2\/product\/8265","targetHints":{"allow":["GET"]}}],"collection":[{"href":"https:\/\/www.fvdwpartijhandel.nl\/de\/wp-json\/wp\/v2\/product"}],"about":[{"href":"https:\/\/www.fvdwpartijhandel.nl\/de\/wp-json\/wp\/v2\/types\/product"}],"wp:featuredmedia":[{"embeddable":true,"href":"https:\/\/www.fvdwpartijhandel.nl\/de\/wp-json\/wp\/v2\/media\/8267"}],"wp:attachment":[{"href":"https:\/\/www.fvdwpartijhandel.nl\/de\/wp-json\/wp\/v2\/media?parent=8265"}],"wp:term":[{"taxonomy":"product_brand","embeddable":true,"href":"https:\/\/www.fvdwpartijhandel.nl\/de\/wp-json\/wp\/v2\/product_brand?post=8265"},{"taxonomy":"product_cat","embeddable":true,"href":"https:\/\/www.fvdwpartijhandel.nl\/de\/wp-json\/wp\/v2\/product_cat?post=8265"},{"taxonomy":"product_tag","embeddable":true,"href":"https:\/\/www.fvdwpartijhandel.nl\/de\/wp-json\/wp\/v2\/product_tag?post=8265"}],"curies":[{"name":"wp","href":"https:\/\/api.w.org\/{rel}","templated":true}]}}

Gusta Laterne Rattan ø16x16cm Grau 04282140

<p>Die GUSTA Laterne ist für den Außenbereich gedacht. Sie ist eine blaue Laterne mit einem Glashalter und einem Lederanhänger. Der bemalte Rattanstil ist sowohl für draußen als auch für drinnen geeignet. Kombinieren Sie sie mit unseren anderen Außenlaternen und Kerzen für einen stimmungsvollen Garten.   </p>

<p>Die GUSTA Laterne ist für den Außenbereich gedacht. Sie ist eine blaue Laterne mit einem Glashalter und einem Lederanhänger. Der bemalte Rattanstil ist sowohl für draußen als auch für drinnen geeignet. Kombinieren Sie sie mit unseren anderen Außenlaternen und Kerzen für einen stimmungsvollen Garten.</p>

<!-- This site is optimized with the Yoast SEO plugin v27.5 - https://yoast.com/product/yoast-seo-wordpress/ -->
<title>Gusta Laterne Rattan ø16x16cm Grau 04282140 - Frank van de Wijgert partijhandel</title>
<meta name="robots" content="index, follow, max-snippet:-1, max-image-preview:large, max-video-preview:-1" />
<link rel="canonical" href="https://www.fvdwpartijhandel.nl/de/product/gusta-laterne-rattan-o16x16cm-grau-04282140/" />
<meta property="og:locale" content="de_DE" />
<meta property="og:type" content="article" />
<meta property="og:title" content="Gusta Laterne Rattan ø16x16cm Grau 04282140 - Frank van de Wijgert partijhandel" />
<meta property="og:description" content="Die GUSTA Laterne ist für den Außenbereich gedacht. Sie ist eine blaue Laterne mit einem Glashalter und einem Lederanhänger. Der bemalte Rattanstil ist sowohl für draußen als auch für drinnen geeignet. Kombinieren Sie sie mit unseren anderen Außenlaternen und Kerzen für einen stimmungsvollen Garten." />
<meta property="og:url" content="https://www.fvdwpartijhandel.nl/de/product/gusta-laterne-rattan-o16x16cm-grau-04282140/" />
<meta property="og:site_name" content="Frank van de Wijgert partijhandel" />
<meta property="article:modified_time" content="2025-12-16T09:46:30+00:00" />
<meta property="og:image" content="https://www.fvdwpartijhandel.nl/wp-content/uploads/2025/08/04282140.jpg" />
	<meta property="og:image:width" content="500" />
	<meta property="og:image:height" content="500" />
	<meta property="og:image:type" content="image/jpeg" />
<meta name="twitter:card" content="summary_large_image" />
<script type="application/ld+json" class="yoast-schema-graph">{"@context":"https:\/\/schema.org","@graph":[{"@type":"WebPage","@id":"https:\/\/www.fvdwpartijhandel.nl\/de\/product\/gusta-laterne-rattan-o16x16cm-grau-04282140\/","url":"https:\/\/www.fvdwpartijhandel.nl\/de\/product\/gusta-laterne-rattan-o16x16cm-grau-04282140\/","name":"Gusta Laterne Rattan ø16x16cm Grau 04282140 - Frank van de Wijgert partijhandel","isPartOf":{"@id":"https:\/\/www.fvdwpartijhandel.nl\/de\/#website"},"primaryImageOfPage":{"@id":"https:\/\/www.fvdwpartijhandel.nl\/de\/product\/gusta-laterne-rattan-o16x16cm-grau-04282140\/#primaryimage"},"image":{"@id":"https:\/\/www.fvdwpartijhandel.nl\/de\/product\/gusta-laterne-rattan-o16x16cm-grau-04282140\/#primaryimage"},"thumbnailUrl":"https:\/\/www.fvdwpartijhandel.nl\/wp-content\/uploads\/2025\/08\/04282140.jpg","datePublished":"2025-08-19T07:29:58+00:00","dateModified":"2025-12-16T09:46:30+00:00","breadcrumb":{"@id":"https:\/\/www.fvdwpartijhandel.nl\/de\/product\/gusta-laterne-rattan-o16x16cm-grau-04282140\/#breadcrumb"},"inLanguage":"de","potentialAction":[{"@type":"ReadAction","target":["https:\/\/www.fvdwpartijhandel.nl\/de\/product\/gusta-laterne-rattan-o16x16cm-grau-04282140\/"]}]},{"@type":"ImageObject","inLanguage":"de","@id":"https:\/\/www.fvdwpartijhandel.nl\/de\/product\/gusta-laterne-rattan-o16x16cm-grau-04282140\/#primaryimage","url":"https:\/\/www.fvdwpartijhandel.nl\/wp-content\/uploads\/2025\/08\/04282140.jpg","contentUrl":"https:\/\/www.fvdwpartijhandel.nl\/wp-content\/uploads\/2025\/08\/04282140.jpg","width":500,"height":500},{"@type":"BreadcrumbList","@id":"https:\/\/www.fvdwpartijhandel.nl\/de\/product\/gusta-laterne-rattan-o16x16cm-grau-04282140\/#breadcrumb","itemListElement":[{"@type":"ListItem","position":1,"name":"Startseite","item":"https:\/\/www.fvdwpartijhandel.nl\/de\/startseite\/"},{"@type":"ListItem","position":2,"name":"Shop","item":"https:\/\/www.fvdwpartijhandel.nl\/de\/shop\/"},{"@type":"ListItem","position":3,"name":"Gusta Laterne Rattan ø16x16cm Grau 04282140"}]},{"@type":"WebSite","@id":"https:\/\/www.fvdwpartijhandel.nl\/de\/#website","url":"https:\/\/www.fvdwpartijhandel.nl\/de\/","name":"Frank van de Wijgert partijhandel","description":"Al 10 jaar actief in de verkoop van restpartijen","publisher":{"@id":"https:\/\/www.fvdwpartijhandel.nl\/de\/#organization"},"potentialAction":[{"@type":"SearchAction","target":{"@type":"EntryPoint","urlTemplate":"https:\/\/www.fvdwpartijhandel.nl\/de\/?s={search_term_string}"},"query-input":{"@type":"PropertyValueSpecification","valueRequired":true,"valueName":"search_term_string"}}],"inLanguage":"de"},{"@type":"Organization","@id":"https:\/\/www.fvdwpartijhandel.nl\/de\/#organization","name":"Frank van de Wijgert partijhandel","url":"https:\/\/www.fvdwpartijhandel.nl\/de\/","logo":{"@type":"ImageObject","inLanguage":"de","@id":"https:\/\/www.fvdwpartijhandel.nl\/de\/#\/schema\/logo\/image\/","url":"https:\/\/www.fvdwpartijhandel.nl\/wp-content\/uploads\/2025\/08\/Logo-Frank-van-de-Wijgert-nieuw-1.svg","contentUrl":"https:\/\/www.fvdwpartijhandel.nl\/wp-content\/uploads\/2025\/08\/Logo-Frank-van-de-Wijgert-nieuw-1.svg","width":400,"height":57,"caption":"Frank van de Wijgert partijhandel"},"image":{"@id":"https:\/\/www.fvdwpartijhandel.nl\/de\/#\/schema\/logo\/image\/"}}]}</script>
<!-- / Yoast SEO plugin. -->

Gusta Laterne Rattan ø16x16cm Grau 04282140 - Frank van de Wijgert partijhandel

Die GUSTA Laterne ist für den Außenbereich gedacht. Sie ist eine blaue Laterne mit einem Glashalter und einem Lederanhänger. Der bemalte Rattanstil ist sowohl für draußen als auch für drinnen geeignet. Kombinieren Sie sie mit unseren anderen Außenlaternen und Kerzen für einen stimmungsvollen Garten.
