{"id":7695,"date":"2025-08-19T07:30:52","date_gmt":"2025-08-19T07:30:52","guid":{"rendered":"https:\/\/www.fvdwpartijhandel.nl\/product\/zest-fleece-plaid-chenille-130x170-beige-no-sales-benelux\/"},"modified":"2025-12-12T11:28:43","modified_gmt":"2025-12-12T10:28:43","slug":"zest-fleece-plaid-chenille-130x170-beige-no-sales-benelux","status":"publish","type":"product","link":"https:\/\/www.fvdwpartijhandel.nl\/de\/product\/zest-fleece-plaid-chenille-130x170-beige-no-sales-benelux\/","title":{"rendered":"Zest Fleece Plaid Chenille 130&#215;170 Beige No Sales Benelux"},"content":{"rendered":"<p>Dieses Fleece-Plaid ist wunderbar weich und speichert die W\u00e4rme gut, so dass Sie nicht so schnell frieren werden. Die Innenseite besteht aus Fellflanell. Ideal f\u00fcr kalte Tage auf der Couch oder drau\u00dfen im Garten\/Terrasse. Drehen Sie die Heizung in diesem Winter ein Grad herunter, denn mit dieser Fleecedecke werden Sie nie wieder frieren. Au\u00dferdem ist dieses Plaid auch eine sch\u00f6ne Dekoration f\u00fcr Ihr Zuhause.    <\/p>\n<p>Material: Polyester<\/p>\n","protected":false},"excerpt":{"rendered":"<p>Dieses Fleece-Plaid ist wunderbar weich und speichert die W\u00e4rme gut, so dass Sie nicht so schnell frieren werden. Die Innenseite besteht aus Fellflanell. Ideal f\u00fcr kalte Tage auf der Couch oder drau\u00dfen im Garten\/Terrasse. Drehen Sie die Heizung in diesem Winter ein Grad herunter, denn mit dieser Fleecedecke werden Sie nie wieder frieren. Au\u00dferdem ist [&hellip;]<\/p>\n","protected":false},"featured_media":7697,"template":"","meta":{"_acf_changed":false},"product_brand":[],"product_cat":[59],"product_tag":[],"class_list":{"0":"post-7695","1":"product","2":"type-product","3":"status-publish","4":"has-post-thumbnail","6":"product_cat-dekoration","8":"first","9":"instock","10":"shipping-taxable","11":"product-type-simple"},"acf":[],"yoast_head":"<!-- This site is optimized with the Yoast SEO plugin v27.5 - https:\/\/yoast.com\/product\/yoast-seo-wordpress\/ -->\n<title>Zest Fleece Plaid Chenille 130x170 Beige No Sales Benelux - Frank van de Wijgert partijhandel<\/title>\n<meta name=\"robots\" content=\"index, follow, max-snippet:-1, max-image-preview:large, max-video-preview:-1\" \/>\n<link rel=\"canonical\" href=\"https:\/\/www.fvdwpartijhandel.nl\/de\/product\/zest-fleece-plaid-chenille-130x170-beige-no-sales-benelux\/\" \/>\n<meta property=\"og:locale\" content=\"de_DE\" \/>\n<meta property=\"og:type\" content=\"article\" \/>\n<meta property=\"og:title\" content=\"Zest Fleece Plaid Chenille 130x170 Beige No Sales Benelux - Frank van de Wijgert partijhandel\" \/>\n<meta property=\"og:description\" content=\"Dieses Fleece-Plaid ist wunderbar weich und speichert die W\u00e4rme gut, so dass Sie nicht so schnell frieren werden. Die Innenseite besteht aus Fellflanell. Ideal f\u00fcr kalte Tage auf der Couch oder drau\u00dfen im Garten\/Terrasse. Drehen Sie die Heizung in diesem Winter ein Grad herunter, denn mit dieser Fleecedecke werden Sie nie wieder frieren. Au\u00dferdem ist [&hellip;]\" \/>\n<meta property=\"og:url\" content=\"https:\/\/www.fvdwpartijhandel.nl\/de\/product\/zest-fleece-plaid-chenille-130x170-beige-no-sales-benelux\/\" \/>\n<meta property=\"og:site_name\" content=\"Frank van de Wijgert partijhandel\" \/>\n<meta property=\"article:modified_time\" content=\"2025-12-12T10:28:43+00:00\" \/>\n<meta property=\"og:image\" content=\"https:\/\/www.fvdwpartijhandel.nl\/wp-content\/uploads\/2025\/08\/115435.jpg\" \/>\n\t<meta property=\"og:image:width\" content=\"500\" \/>\n\t<meta property=\"og:image:height\" content=\"500\" \/>\n\t<meta property=\"og:image:type\" content=\"image\/jpeg\" \/>\n<meta name=\"twitter:card\" content=\"summary_large_image\" \/>\n<script type=\"application\/ld+json\" class=\"yoast-schema-graph\">{\"@context\":\"https:\\\/\\\/schema.org\",\"@graph\":[{\"@type\":\"WebPage\",\"@id\":\"https:\\\/\\\/www.fvdwpartijhandel.nl\\\/de\\\/product\\\/zest-fleece-plaid-chenille-130x170-beige-no-sales-benelux\\\/\",\"url\":\"https:\\\/\\\/www.fvdwpartijhandel.nl\\\/de\\\/product\\\/zest-fleece-plaid-chenille-130x170-beige-no-sales-benelux\\\/\",\"name\":\"Zest Fleece Plaid Chenille 130x170 Beige No Sales Benelux - Frank van de Wijgert partijhandel\",\"isPartOf\":{\"@id\":\"https:\\\/\\\/www.fvdwpartijhandel.nl\\\/de\\\/#website\"},\"primaryImageOfPage\":{\"@id\":\"https:\\\/\\\/www.fvdwpartijhandel.nl\\\/de\\\/product\\\/zest-fleece-plaid-chenille-130x170-beige-no-sales-benelux\\\/#primaryimage\"},\"image\":{\"@id\":\"https:\\\/\\\/www.fvdwpartijhandel.nl\\\/de\\\/product\\\/zest-fleece-plaid-chenille-130x170-beige-no-sales-benelux\\\/#primaryimage\"},\"thumbnailUrl\":\"https:\\\/\\\/www.fvdwpartijhandel.nl\\\/wp-content\\\/uploads\\\/2025\\\/08\\\/115435.jpg\",\"datePublished\":\"2025-08-19T07:30:52+00:00\",\"dateModified\":\"2025-12-12T10:28:43+00:00\",\"breadcrumb\":{\"@id\":\"https:\\\/\\\/www.fvdwpartijhandel.nl\\\/de\\\/product\\\/zest-fleece-plaid-chenille-130x170-beige-no-sales-benelux\\\/#breadcrumb\"},\"inLanguage\":\"de\",\"potentialAction\":[{\"@type\":\"ReadAction\",\"target\":[\"https:\\\/\\\/www.fvdwpartijhandel.nl\\\/de\\\/product\\\/zest-fleece-plaid-chenille-130x170-beige-no-sales-benelux\\\/\"]}]},{\"@type\":\"ImageObject\",\"inLanguage\":\"de\",\"@id\":\"https:\\\/\\\/www.fvdwpartijhandel.nl\\\/de\\\/product\\\/zest-fleece-plaid-chenille-130x170-beige-no-sales-benelux\\\/#primaryimage\",\"url\":\"https:\\\/\\\/www.fvdwpartijhandel.nl\\\/wp-content\\\/uploads\\\/2025\\\/08\\\/115435.jpg\",\"contentUrl\":\"https:\\\/\\\/www.fvdwpartijhandel.nl\\\/wp-content\\\/uploads\\\/2025\\\/08\\\/115435.jpg\",\"width\":500,\"height\":500},{\"@type\":\"BreadcrumbList\",\"@id\":\"https:\\\/\\\/www.fvdwpartijhandel.nl\\\/de\\\/product\\\/zest-fleece-plaid-chenille-130x170-beige-no-sales-benelux\\\/#breadcrumb\",\"itemListElement\":[{\"@type\":\"ListItem\",\"position\":1,\"name\":\"Startseite\",\"item\":\"https:\\\/\\\/www.fvdwpartijhandel.nl\\\/de\\\/startseite\\\/\"},{\"@type\":\"ListItem\",\"position\":2,\"name\":\"Shop\",\"item\":\"https:\\\/\\\/www.fvdwpartijhandel.nl\\\/de\\\/shop\\\/\"},{\"@type\":\"ListItem\",\"position\":3,\"name\":\"Zest Fleece Plaid Chenille 130&#215;170 Beige No Sales Benelux\"}]},{\"@type\":\"WebSite\",\"@id\":\"https:\\\/\\\/www.fvdwpartijhandel.nl\\\/de\\\/#website\",\"url\":\"https:\\\/\\\/www.fvdwpartijhandel.nl\\\/de\\\/\",\"name\":\"Frank van de Wijgert partijhandel\",\"description\":\"Al 10 jaar actief in de verkoop van restpartijen\",\"publisher\":{\"@id\":\"https:\\\/\\\/www.fvdwpartijhandel.nl\\\/de\\\/#organization\"},\"potentialAction\":[{\"@type\":\"SearchAction\",\"target\":{\"@type\":\"EntryPoint\",\"urlTemplate\":\"https:\\\/\\\/www.fvdwpartijhandel.nl\\\/de\\\/?s={search_term_string}\"},\"query-input\":{\"@type\":\"PropertyValueSpecification\",\"valueRequired\":true,\"valueName\":\"search_term_string\"}}],\"inLanguage\":\"de\"},{\"@type\":\"Organization\",\"@id\":\"https:\\\/\\\/www.fvdwpartijhandel.nl\\\/de\\\/#organization\",\"name\":\"Frank van de Wijgert partijhandel\",\"url\":\"https:\\\/\\\/www.fvdwpartijhandel.nl\\\/de\\\/\",\"logo\":{\"@type\":\"ImageObject\",\"inLanguage\":\"de\",\"@id\":\"https:\\\/\\\/www.fvdwpartijhandel.nl\\\/de\\\/#\\\/schema\\\/logo\\\/image\\\/\",\"url\":\"https:\\\/\\\/www.fvdwpartijhandel.nl\\\/wp-content\\\/uploads\\\/2025\\\/08\\\/Logo-Frank-van-de-Wijgert-nieuw-1.svg\",\"contentUrl\":\"https:\\\/\\\/www.fvdwpartijhandel.nl\\\/wp-content\\\/uploads\\\/2025\\\/08\\\/Logo-Frank-van-de-Wijgert-nieuw-1.svg\",\"width\":400,\"height\":57,\"caption\":\"Frank van de Wijgert partijhandel\"},\"image\":{\"@id\":\"https:\\\/\\\/www.fvdwpartijhandel.nl\\\/de\\\/#\\\/schema\\\/logo\\\/image\\\/\"}}]}<\/script>\n<!-- \/ Yoast SEO plugin. -->","yoast_head_json":{"title":"Zest Fleece Plaid Chenille 130x170 Beige No Sales Benelux - Frank van de Wijgert partijhandel","robots":{"index":"index","follow":"follow","max-snippet":"max-snippet:-1","max-image-preview":"max-image-preview:large","max-video-preview":"max-video-preview:-1"},"canonical":"https:\/\/www.fvdwpartijhandel.nl\/de\/product\/zest-fleece-plaid-chenille-130x170-beige-no-sales-benelux\/","og_locale":"de_DE","og_type":"article","og_title":"Zest Fleece Plaid Chenille 130x170 Beige No Sales Benelux - Frank van de Wijgert partijhandel","og_description":"Dieses Fleece-Plaid ist wunderbar weich und speichert die W\u00e4rme gut, so dass Sie nicht so schnell frieren werden. Die Innenseite besteht aus Fellflanell. Ideal f\u00fcr kalte Tage auf der Couch oder drau\u00dfen im Garten\/Terrasse. Drehen Sie die Heizung in diesem Winter ein Grad herunter, denn mit dieser Fleecedecke werden Sie nie wieder frieren. Au\u00dferdem ist [&hellip;]","og_url":"https:\/\/www.fvdwpartijhandel.nl\/de\/product\/zest-fleece-plaid-chenille-130x170-beige-no-sales-benelux\/","og_site_name":"Frank van de Wijgert partijhandel","article_modified_time":"2025-12-12T10:28:43+00:00","og_image":[{"width":500,"height":500,"url":"https:\/\/www.fvdwpartijhandel.nl\/wp-content\/uploads\/2025\/08\/115435.jpg","type":"image\/jpeg"}],"twitter_card":"summary_large_image","schema":{"@context":"https:\/\/schema.org","@graph":[{"@type":"WebPage","@id":"https:\/\/www.fvdwpartijhandel.nl\/de\/product\/zest-fleece-plaid-chenille-130x170-beige-no-sales-benelux\/","url":"https:\/\/www.fvdwpartijhandel.nl\/de\/product\/zest-fleece-plaid-chenille-130x170-beige-no-sales-benelux\/","name":"Zest Fleece Plaid Chenille 130x170 Beige No Sales Benelux - Frank van de Wijgert partijhandel","isPartOf":{"@id":"https:\/\/www.fvdwpartijhandel.nl\/de\/#website"},"primaryImageOfPage":{"@id":"https:\/\/www.fvdwpartijhandel.nl\/de\/product\/zest-fleece-plaid-chenille-130x170-beige-no-sales-benelux\/#primaryimage"},"image":{"@id":"https:\/\/www.fvdwpartijhandel.nl\/de\/product\/zest-fleece-plaid-chenille-130x170-beige-no-sales-benelux\/#primaryimage"},"thumbnailUrl":"https:\/\/www.fvdwpartijhandel.nl\/wp-content\/uploads\/2025\/08\/115435.jpg","datePublished":"2025-08-19T07:30:52+00:00","dateModified":"2025-12-12T10:28:43+00:00","breadcrumb":{"@id":"https:\/\/www.fvdwpartijhandel.nl\/de\/product\/zest-fleece-plaid-chenille-130x170-beige-no-sales-benelux\/#breadcrumb"},"inLanguage":"de","potentialAction":[{"@type":"ReadAction","target":["https:\/\/www.fvdwpartijhandel.nl\/de\/product\/zest-fleece-plaid-chenille-130x170-beige-no-sales-benelux\/"]}]},{"@type":"ImageObject","inLanguage":"de","@id":"https:\/\/www.fvdwpartijhandel.nl\/de\/product\/zest-fleece-plaid-chenille-130x170-beige-no-sales-benelux\/#primaryimage","url":"https:\/\/www.fvdwpartijhandel.nl\/wp-content\/uploads\/2025\/08\/115435.jpg","contentUrl":"https:\/\/www.fvdwpartijhandel.nl\/wp-content\/uploads\/2025\/08\/115435.jpg","width":500,"height":500},{"@type":"BreadcrumbList","@id":"https:\/\/www.fvdwpartijhandel.nl\/de\/product\/zest-fleece-plaid-chenille-130x170-beige-no-sales-benelux\/#breadcrumb","itemListElement":[{"@type":"ListItem","position":1,"name":"Startseite","item":"https:\/\/www.fvdwpartijhandel.nl\/de\/startseite\/"},{"@type":"ListItem","position":2,"name":"Shop","item":"https:\/\/www.fvdwpartijhandel.nl\/de\/shop\/"},{"@type":"ListItem","position":3,"name":"Zest Fleece Plaid Chenille 130&#215;170 Beige No Sales Benelux"}]},{"@type":"WebSite","@id":"https:\/\/www.fvdwpartijhandel.nl\/de\/#website","url":"https:\/\/www.fvdwpartijhandel.nl\/de\/","name":"Frank van de Wijgert partijhandel","description":"Al 10 jaar actief in de verkoop van restpartijen","publisher":{"@id":"https:\/\/www.fvdwpartijhandel.nl\/de\/#organization"},"potentialAction":[{"@type":"SearchAction","target":{"@type":"EntryPoint","urlTemplate":"https:\/\/www.fvdwpartijhandel.nl\/de\/?s={search_term_string}"},"query-input":{"@type":"PropertyValueSpecification","valueRequired":true,"valueName":"search_term_string"}}],"inLanguage":"de"},{"@type":"Organization","@id":"https:\/\/www.fvdwpartijhandel.nl\/de\/#organization","name":"Frank van de Wijgert partijhandel","url":"https:\/\/www.fvdwpartijhandel.nl\/de\/","logo":{"@type":"ImageObject","inLanguage":"de","@id":"https:\/\/www.fvdwpartijhandel.nl\/de\/#\/schema\/logo\/image\/","url":"https:\/\/www.fvdwpartijhandel.nl\/wp-content\/uploads\/2025\/08\/Logo-Frank-van-de-Wijgert-nieuw-1.svg","contentUrl":"https:\/\/www.fvdwpartijhandel.nl\/wp-content\/uploads\/2025\/08\/Logo-Frank-van-de-Wijgert-nieuw-1.svg","width":400,"height":57,"caption":"Frank van de Wijgert partijhandel"},"image":{"@id":"https:\/\/www.fvdwpartijhandel.nl\/de\/#\/schema\/logo\/image\/"}}]}},"_links":{"self":[{"href":"https:\/\/www.fvdwpartijhandel.nl\/de\/wp-json\/wp\/v2\/product\/7695","targetHints":{"allow":["GET"]}}],"collection":[{"href":"https:\/\/www.fvdwpartijhandel.nl\/de\/wp-json\/wp\/v2\/product"}],"about":[{"href":"https:\/\/www.fvdwpartijhandel.nl\/de\/wp-json\/wp\/v2\/types\/product"}],"wp:featuredmedia":[{"embeddable":true,"href":"https:\/\/www.fvdwpartijhandel.nl\/de\/wp-json\/wp\/v2\/media\/7697"}],"wp:attachment":[{"href":"https:\/\/www.fvdwpartijhandel.nl\/de\/wp-json\/wp\/v2\/media?parent=7695"}],"wp:term":[{"taxonomy":"product_brand","embeddable":true,"href":"https:\/\/www.fvdwpartijhandel.nl\/de\/wp-json\/wp\/v2\/product_brand?post=7695"},{"taxonomy":"product_cat","embeddable":true,"href":"https:\/\/www.fvdwpartijhandel.nl\/de\/wp-json\/wp\/v2\/product_cat?post=7695"},{"taxonomy":"product_tag","embeddable":true,"href":"https:\/\/www.fvdwpartijhandel.nl\/de\/wp-json\/wp\/v2\/product_tag?post=7695"}],"curies":[{"name":"wp","href":"https:\/\/api.w.org\/{rel}","templated":true}]}}

<p>Dieses Fleece-Plaid ist wunderbar weich und speichert die Wärme gut, so dass Sie nicht so schnell frieren werden. Die Innenseite besteht aus Fellflanell. Ideal für kalte Tage auf der Couch oder draußen im Garten/Terrasse. Drehen Sie die Heizung in diesem Winter ein Grad herunter, denn mit dieser Fleecedecke werden Sie nie wieder frieren. Außerdem ist dieses Plaid auch eine schöne Dekoration für Ihr Zuhause.    </p>
<p>Material: Polyester</p>

<p>Dieses Fleece-Plaid ist wunderbar weich und speichert die Wärme gut, so dass Sie nicht so schnell frieren werden. Die Innenseite besteht aus Fellflanell. Ideal für kalte Tage auf der Couch oder draußen im Garten/Terrasse. Drehen Sie die Heizung in diesem Winter ein Grad herunter, denn mit dieser Fleecedecke werden Sie nie wieder frieren. Außerdem ist [&hellip;]</p>

<!-- This site is optimized with the Yoast SEO plugin v27.5 - https://yoast.com/product/yoast-seo-wordpress/ -->
<title>Zest Fleece Plaid Chenille 130x170 Beige No Sales Benelux - Frank van de Wijgert partijhandel</title>
<meta name="robots" content="index, follow, max-snippet:-1, max-image-preview:large, max-video-preview:-1" />
<link rel="canonical" href="https://www.fvdwpartijhandel.nl/de/product/zest-fleece-plaid-chenille-130x170-beige-no-sales-benelux/" />
<meta property="og:locale" content="de_DE" />
<meta property="og:type" content="article" />
<meta property="og:title" content="Zest Fleece Plaid Chenille 130x170 Beige No Sales Benelux - Frank van de Wijgert partijhandel" />
<meta property="og:description" content="Dieses Fleece-Plaid ist wunderbar weich und speichert die Wärme gut, so dass Sie nicht so schnell frieren werden. Die Innenseite besteht aus Fellflanell. Ideal für kalte Tage auf der Couch oder draußen im Garten/Terrasse. Drehen Sie die Heizung in diesem Winter ein Grad herunter, denn mit dieser Fleecedecke werden Sie nie wieder frieren. Außerdem ist [&hellip;]" />
<meta property="og:url" content="https://www.fvdwpartijhandel.nl/de/product/zest-fleece-plaid-chenille-130x170-beige-no-sales-benelux/" />
<meta property="og:site_name" content="Frank van de Wijgert partijhandel" />
<meta property="article:modified_time" content="2025-12-12T10:28:43+00:00" />
<meta property="og:image" content="https://www.fvdwpartijhandel.nl/wp-content/uploads/2025/08/115435.jpg" />
	<meta property="og:image:width" content="500" />
	<meta property="og:image:height" content="500" />
	<meta property="og:image:type" content="image/jpeg" />
<meta name="twitter:card" content="summary_large_image" />
<script type="application/ld+json" class="yoast-schema-graph">{"@context":"https:\/\/schema.org","@graph":[{"@type":"WebPage","@id":"https:\/\/www.fvdwpartijhandel.nl\/de\/product\/zest-fleece-plaid-chenille-130x170-beige-no-sales-benelux\/","url":"https:\/\/www.fvdwpartijhandel.nl\/de\/product\/zest-fleece-plaid-chenille-130x170-beige-no-sales-benelux\/","name":"Zest Fleece Plaid Chenille 130x170 Beige No Sales Benelux - Frank van de Wijgert partijhandel","isPartOf":{"@id":"https:\/\/www.fvdwpartijhandel.nl\/de\/#website"},"primaryImageOfPage":{"@id":"https:\/\/www.fvdwpartijhandel.nl\/de\/product\/zest-fleece-plaid-chenille-130x170-beige-no-sales-benelux\/#primaryimage"},"image":{"@id":"https:\/\/www.fvdwpartijhandel.nl\/de\/product\/zest-fleece-plaid-chenille-130x170-beige-no-sales-benelux\/#primaryimage"},"thumbnailUrl":"https:\/\/www.fvdwpartijhandel.nl\/wp-content\/uploads\/2025\/08\/115435.jpg","datePublished":"2025-08-19T07:30:52+00:00","dateModified":"2025-12-12T10:28:43+00:00","breadcrumb":{"@id":"https:\/\/www.fvdwpartijhandel.nl\/de\/product\/zest-fleece-plaid-chenille-130x170-beige-no-sales-benelux\/#breadcrumb"},"inLanguage":"de","potentialAction":[{"@type":"ReadAction","target":["https:\/\/www.fvdwpartijhandel.nl\/de\/product\/zest-fleece-plaid-chenille-130x170-beige-no-sales-benelux\/"]}]},{"@type":"ImageObject","inLanguage":"de","@id":"https:\/\/www.fvdwpartijhandel.nl\/de\/product\/zest-fleece-plaid-chenille-130x170-beige-no-sales-benelux\/#primaryimage","url":"https:\/\/www.fvdwpartijhandel.nl\/wp-content\/uploads\/2025\/08\/115435.jpg","contentUrl":"https:\/\/www.fvdwpartijhandel.nl\/wp-content\/uploads\/2025\/08\/115435.jpg","width":500,"height":500},{"@type":"BreadcrumbList","@id":"https:\/\/www.fvdwpartijhandel.nl\/de\/product\/zest-fleece-plaid-chenille-130x170-beige-no-sales-benelux\/#breadcrumb","itemListElement":[{"@type":"ListItem","position":1,"name":"Startseite","item":"https:\/\/www.fvdwpartijhandel.nl\/de\/startseite\/"},{"@type":"ListItem","position":2,"name":"Shop","item":"https:\/\/www.fvdwpartijhandel.nl\/de\/shop\/"},{"@type":"ListItem","position":3,"name":"Zest Fleece Plaid Chenille 130&#215;170 Beige No Sales Benelux"}]},{"@type":"WebSite","@id":"https:\/\/www.fvdwpartijhandel.nl\/de\/#website","url":"https:\/\/www.fvdwpartijhandel.nl\/de\/","name":"Frank van de Wijgert partijhandel","description":"Al 10 jaar actief in de verkoop van restpartijen","publisher":{"@id":"https:\/\/www.fvdwpartijhandel.nl\/de\/#organization"},"potentialAction":[{"@type":"SearchAction","target":{"@type":"EntryPoint","urlTemplate":"https:\/\/www.fvdwpartijhandel.nl\/de\/?s={search_term_string}"},"query-input":{"@type":"PropertyValueSpecification","valueRequired":true,"valueName":"search_term_string"}}],"inLanguage":"de"},{"@type":"Organization","@id":"https:\/\/www.fvdwpartijhandel.nl\/de\/#organization","name":"Frank van de Wijgert partijhandel","url":"https:\/\/www.fvdwpartijhandel.nl\/de\/","logo":{"@type":"ImageObject","inLanguage":"de","@id":"https:\/\/www.fvdwpartijhandel.nl\/de\/#\/schema\/logo\/image\/","url":"https:\/\/www.fvdwpartijhandel.nl\/wp-content\/uploads\/2025\/08\/Logo-Frank-van-de-Wijgert-nieuw-1.svg","contentUrl":"https:\/\/www.fvdwpartijhandel.nl\/wp-content\/uploads\/2025\/08\/Logo-Frank-van-de-Wijgert-nieuw-1.svg","width":400,"height":57,"caption":"Frank van de Wijgert partijhandel"},"image":{"@id":"https:\/\/www.fvdwpartijhandel.nl\/de\/#\/schema\/logo\/image\/"}}]}</script>
<!-- / Yoast SEO plugin. -->

Dieses Fleece-Plaid ist wunderbar weich und speichert die Wärme gut, so dass Sie nicht so schnell frieren werden. Die Innenseite besteht aus Fellflanell. Ideal für kalte Tage auf der Couch oder draußen im Garten/Terrasse. Drehen Sie die Heizung in diesem Winter ein Grad herunter, denn mit dieser Fleecedecke werden Sie nie wieder frieren. Außerdem ist [&hellip;]
